d**3 - d**2 - 6*d + 5. Let j be 14/(-49) - (-23)/7. Is q(j) prime?
False
Let l be ((-9)/(-6)*-2 - -5)*2. Suppose 0*u - 137 = -u + l*g, 134 = u - 5*g. Is u a prime number?
True
Let a = -618 + 714. Let o(p) = -10*p**2 + 2*p - 2. Let n be o(2). Let w = n + a. Is w a composite number?
True
Let g = 700 - -54. Let s = 1841 - g. Is s a composite number?
False
Let k = -2051 + 3292. Is k prime?
False
Let y = 31 - 23. Is y/28 + (-3548)/(-28) a prime number?
True
Let h be (1912/(-5))/((-12)/30). Suppose 2*f = 2*i - h, -4*i = i + 2*f - 2397. Is i a prime number?
True
Let n = 1305 - 293. Is n/4 + -3 - -1 a composite number?
False
Let o(w) = 2*w**2 + 7*w + 1. Let z(b) = -b**2 - b - 1. Let j(p) = -o(p) - 3*z(p). Is j(-12) composite?
True
Suppose 3*y - 1097 - 337 = 0. Let q = 874 + y. Let j = 1899 - q. Is j prime?
True
Let i = 4 + 13. Suppose 3972 = -20*c + i*c. Is (-135)/(-54)*c/(-10) prime?
True
Suppose 7*u + 29 = 85. Suppose -s = u*s - 10269. Is s a composite number?
True
Let x(k) = 17 + 0 + 7 + 510*k - 1. Is x(7) prime?
True
Let z = 2350 + -1441. Is 8/(-6)*z/(-6) a prime number?
False
Suppose 3*v - 27 = -4*k, -5*v = -2*k - 68 - 3. Suppose v*b + 2*b = 80715. Is b prime?
True
Let p(f) be the third derivative of -f**6/120 - f**5/12 + f**4/6 + 2*f**3/3 - 4*f**2. Let n be p(3). Is (-28854)/n - 2/8 composite?
True
Let c = 3914 + -607. Is c a prime number?
True
Suppose 2*m + 3*m = -2*l - 1495, 4*l = 5*m - 3035. Let b = 312 - l. Is b prime?
False
Suppose 5*n - l - l = 137205, -109777 = -4*n - l. Is n a composite number?
True
Let n(p) = -2*p**2 + 4*p - 3. Let t be n(3). Suppose -23*b - 140 = -37*b. Is (-178)/(-2)*(t + b) composite?
False
Let o = 8798 + -4039. Is o a composite number?
False
Let g = 36 + -36. Suppose -3*k = -2*f + 3332, f - k - 2*k - 1660 = g. Let b = 3725 - f. Is b a composite number?
False
Let w = 44 - 32. Suppose p = -i - 7 + 76, 3*p = -i + 203. Let l = w + p. Is l composite?
False
Suppose 5*y - 3763 = 3*r + 2007, 4*r + 1171 = y. Is y a prime number?
True
Suppose s - 33 = -4*u, 3*s - u + 6 = 40. Let o = -9 + s. Suppose 5*b - o*a - 2943 = 0, 720 = 4*b - 4*a - 1636. Is b composite?
False
Suppose -858*c - 328310 = -868*c. Is c a prime number?
True
Let b = -25 + 29. Let s(k) = 7*k**3 - 6*k**2 - k + 5. Is s(b) prime?
True
Let j = 5494 + -3603. Let c = -1164 + j. Is c composite?
False
Suppose -4*q + 317 = -239. Suppose 0*b = b - q. Is b composite?
False
Let z be 3*(-1)/(3/27). Suppose -2*r + 102 = -5*y, 5*r + y - 292 = -64. Let q = r + z. Is q a prime number?
True
Let n be 3/(-1 + 4) + 10. Suppose n*p - 2 = 12*p. Is 133/14*(-12)/p a composite number?
True
Let n(w) = 175*w - 61. Let v(c) = 44*c - 15. Let k(l) = 2*n(l) - 9*v(l). Is k(-6) composite?
True
Suppose -636 = -0*h - 3*h. Let m = h + -96. Is 6/(-9) + m/12 a composite number?
True
Suppose -g + 236 - 30 = 0. Let f = g + 9. Is f prime?
False
Let y = -1064 - -6957. Is y composite?
True
Let m be 1/(0 + 1)*-1. Let h be 0/(2 - m - 1). Let w(f) = -f + 211. Is w(h) prime?
True
Suppose -4*v = 2*l - 3240, -5*v - 990 = -3*l + 3859. Let n = -819 + l. Is n a composite number?
True
Let b(o) = 158*o**2 - 3*o + 2. Let i be b(1). Suppose 5*f - 44 = 3*q - 10, 3 = -q. Suppose 0 = f*a - 4*a - i. Is a composite?
False
Let g(u) = -u**2 + 2*u + 251. Is g(0) prime?
True
Is (5 - 140007/(-28))/((-2)/(-40)) prime?
False
Is (-21427 + -3)/((-5)/(10/4)) a composite number?
True
Let y(r) = -r**3 - 3*r**2 - 17*r - 7. Let o be 4/(3*4/(-18)). Is y(o) a composite number?
True
Is (-26736)/32*(-14)/9*3 prime?
False
Let a = -29 - -30. Let n be (a + 21/(-15))*-100. Suppose 4*z + 4*d - n = 0, -5*z + 0*z + 50 = -d. Is z prime?
False
Suppose -21*a - 253340 = -5*h - 26*a, 0 = -4*h + 4*a + 202696. Is h a prime number?
True
Suppose -2*z = -4*r + 2, -r - 5*z - 5 = -4*r. Suppose 0 = -3*u + 5*a + 36 - 11, r = -2*u + 5*a + 20. Suppose 0 = -2*f + 13 + u. Is f composite?
True
Let i(b) be the third derivative of -b**6/120 - b**5/15 + 13*b**4/24 + 3*b**3/2 + 4*b**2. Is i(-8) a prime number?
False
Suppose 2*c - 5*w - 121228 = 0, c = -4*w + 6057 + 54557. Is c a composite number?
True
Let p = 14 + -14. Let n = p + 3. Suppose 4*v = -n*q + 653, -4*v + 2*v - 8 = 0. Is q a composite number?
False
Let q(r) = 912*r**2 + r. Let k be q(1). Suppose -4*u - 2140 = 4*i, 83*u - 2*i = 86*u + 1610. Let n = k + u. Is n a prime number?
True
Suppose 38*n - 60577 = 27*n. Is n a composite number?
False
Suppose -b = b - 10. Let q(f) = f**3 - 6*f**2 + 4*f + 3. Let g be q(b). Let c(w) = 20*w**2 + 2*w + 3. Is c(g) composite?
False
Let t(k) be the first derivative of 155*k**2/2 + 34*k + 7. Is t(11) a composite number?
True
Let c(o) = -o**3 - 7*o**2 - o + 6. Let b be c(-3). Let j = b + 436. Is j a composite number?
False
Is (6 - 1) + 12284/1 a composite number?
False
Suppose -t + 14 = 6*t. Suppose -714 - 884 = -t*w. Is w a composite number?
True
Let b be ((-2)/(-2))/((-18)/(-36)). Suppose b*u + 5*j - 1996 = 3892, 4*u - 4*j = 11748. Is u a composite number?
False
Let n(w) = 1486*w**2 + 31*w + 4. Is n(-3) composite?
True
Suppose -3337 = -g + 2*z, -4*g - 35*z = -30*z - 13387. Is g a prime number?
True
Let t(g) = -2 + 2 - 2*g - 2 + 9*g. Is t(3) composite?
False
Let t = -44 - -49. Suppose v - 6972 = -5*a + 2261, 0 = -4*a + t*v + 7398. Is a prime?
True
Let p = -1 + -1. Is 1/(-2*p/860) a composite number?
True
Let m be (-3)/(-12) + (-33)/(-12). Let b(j) = -j**3 - 4*j**2 + 6*j + 6. Let u be b(-4). Is (u/(-2))/m - -188 composite?
False
Suppose -y = -8 + 6. Suppose y*i - 183 = 191. Is i a prime number?
False
Let k = -34842 - -152743. Is k a composite number?
True
Let a(j) = j**2 - 3*j + 9. Let b be a(7). Suppose 2*h + 5*k - 142 = 0, h - 3*k - b = 34. Let n = 102 - h. Is n a prime number?
True
Let a(t) = -191*t - 3. Let d be a(-4). Let w = d + -262. Is w a composite number?
False
Let m(f) = 12604*f**2 + 8*f - 1. Is m(1) composite?
False
Suppose -5360 = -2*q + 3*m, 5*q = -5*m + 7*m + 13411. Is q a prime number?
True
Let w = 2456 + -1617. Is w a prime number?
True
Let y = 6 - 4. Suppose -5*s - 1 = -6, 5467 = 3*c - y*s. Is c a prime number?
True
Let i = 3857 + 2780. Is i composite?
False
Suppose 13 = 4*m - 7. Let d be 76*((-15)/6)/m. Let v = d - -75. Is v composite?
False
Suppose -5*u = -2*p - 2508, -4*u - p = -5*u + 501. Is (1 + u)/(0 + (-2)/(-14)) prime?
False
Let k(h) = 52*h**3 - h**2 + 2*h - 1. Let p be k(2). Suppose 0 = -5*w - 3*l + 16, -5*l + 12 = 2. Suppose p = -w*f + 7*f. Is f a composite number?
False
Let k = 247960 + -133113. Is k prime?
True
Suppose -13*d - 11 = -11. Suppose -7*f + 2*f + 7615 = d. Is f a composite number?
False
Suppose 5*w - 154 = 296. Let m = w + -51. Is m prime?
False
Let x be 21/12 - (-7)/28. Suppose -l - 5*c + 655 = 0, 5*l - 4*c - 3167 = -x*c. Is l a composite number?
True
Let j(i) = i + 5. Let l be j(-5). Let n be (-4 + l/1)*-1. Suppose -r = -3*w + 120, -w - 123 = -n*w + 2*r. Is w prime?
False
Suppose 3*y + h - 14 = -h, 4*y = 2*h. Let l = 0 + y. Suppose 0 = -5*o - 3*m + 27, 0 = l*o + o + 4*m - 14. Is o a prime number?
False
Let b = -508 + 256. Let d = b - -511. Is d prime?
False
Let u(z) = -2*z**3 - 6*z**2 - 3*z + 3. Let f(m) = m**3 + 13*m**2 - 32 + 39 + 14*m + 11 + 0*m**3. Let t be f(-12). Is u(t) prime?
False
Let h(s) = 6 - 4*s - 3*s**2 + 6*s**3 + 0 + 2*s**2. Is h(7) composite?
False
Is (4699/(-508))/((-1098)/1096 + 1) prime?
False
Let c = 319 + 321. Let i(g) = -g**2 + 10*g - 7. Let w be i(9). Suppose -5*z = -j - 1587, 0*j = -w*z + 3*j + c. Is z composite?
False
Suppose 2*a - 8 = -0*a. Suppose -a*u = i - 20, -2*u = -5*i + 2*u + 4. Suppose 0 = -2*r + i*r - 194. Is r prime?
True
Let g(r) = -1782*r - 49. Is g(-3) prime?
True
Suppose b = 4216 + 1173. Is b a composite number?
True
Let c(i) = -64*i**3 + 9*i**2 + 2*i - 6. Is c(-7) prime?
False
Suppose 6 = -5*d - 4. Is 370 - (-1)/(3 + d) prime?
False
Suppose -12 = -3*a - 3*a. Suppose -154 = a*k + 778. Let q = k + 759. Is q prime?
True
Let f = -257 + 448. Is f a prime number?
True
Let k be 1/((-6)/8)*-3. Suppose 0*i + 3*i = -k*u + 1615, -u = 5*i - 2703. Is i a composite number?
False
Let n be 20/5*(-771)/(-4). Let q = -440 + n. Is q composite?
False
Let i = -17061 + 27068. Is i a prime number?
True
Let v be (8/5)/(2/5). Suppose -v*q = 3 - 11. Is 146/4 - q/(-4) composite?
False
Let s = 581 - 132. Let l = 155 + -